 prime factors of 196588.
2, 7, 17, 59
List the prime factors of 19629305.
5, 17, 230933
List the prime factors of 88475.
5, 3539
What are the prime factors of 359026?
2, 89, 2017
What are the prime factors of 1736026?
2, 271, 3203
List the prime factors of 1048650.
2, 3, 5, 6991
List the prime factors of 2800922.
2, 331, 4231
List the prime factors of 612997.
7, 11, 19, 419
What are the prime factors of 7307166?
2, 3, 1217861
List the prime factors of 132432.
2, 3, 31, 89
List the prime factors of 17125499.
131, 130729
List the prime factors of 2436428.
2, 609107
List the prime factors of 182888.
2, 22861
What are the prime factors of 67998?
2, 3, 7, 1619
List the prime factors of 137347.
7, 2803
List the prime factors of 96709.
97, 997
What are the prime factors of 31366122?
2, 3, 17, 307511
List the prime factors of 88298.
2, 7, 17, 53
What are the prime factors of 242167?
23, 10529
What are the prime factors of 21413393?
21413393
List the prime factors of 7184487.
3, 23, 104123
List the prime factors of 382265.
5, 13, 5881
What are the prime factors of 130204?
2, 43, 757
List the prime factors of 1136201.
11, 103291
What are the prime factors of 6082949?
1693, 3593
List the prime factors of 249336.
2, 3, 3463
What are the prime factors of 9161923?
9161923
What are the prime factors of 2181973?
2181973
What are the prime factors of 42488?
2, 47, 113
List the prime factors of 4773782.
2, 13, 89, 2063
List the prime factors of 1191395.
5, 19, 12541
List the prime factors of 551709.
3, 59, 1039
What are the prime factors of 681013?
773, 881
List the prime factors of 64448.
2, 19, 53
List the prime factors of 40204.
2, 19, 23
List the prime factors of 2627027.
13, 17, 11887
What are the prime factors of 712227?
3, 237409
What are the prime factors of 858579?
3, 137, 2089
What are the prime factors of 2160877?
29, 269, 277
What are the prime factors of 1558361?
7, 19, 11717
List the prime factors of 68402.
2, 23, 1487
What are the prime factors of 3483113?
17, 331, 619
List the prime factors of 672379.
672379
What are the prime factors of 4365?
3, 5, 97
What are the prime factors of 165847?
11, 15077
List the prime factors of 8798.
2, 53, 83
List the prime factors of 22115.
5, 4423
List the prime factors of 1353103.
271, 4993
What are the prime factors of 555882?
2, 3, 92647
List the prime factors of 425798.
2, 211, 1009
What are the prime factors of 18855948?
2, 3, 1571329
What are the prime factors of 10584136?
2, 1323017
List the prime factors of 264170.
2, 5, 26417
List the prime factors of 1007118.
2, 3, 7, 7993
What are the prime factors of 179858?
2, 7, 29, 443
List the prime factors of 2197994.
2, 107, 10271
What are the prime factors of 53205?
3, 5, 3547
What are the prime factors of 1148222?
2, 83, 6917
List the prime factors of 23533292.
2, 5883323
What are the prime factors of 136492?
2, 34123
List the prime factors of 304058.
2, 152029
List the prime factors of 10016382.
2, 3, 19, 41, 2143
What are the prime factors of 13018291?
11, 13, 59, 1543
What are the prime factors of 523482?
2, 3, 43, 2029
What are the prime factors of 89194?
2, 7, 23, 277
List the prime factors of 497744.
2, 13, 2393
List the prime factors of 363309.
3, 347, 349
List the prime factors of 4623072.
2, 3, 48157
List the prime factors of 2772607.
2772607
List the prime factors of 22638018.
2, 3, 13, 503, 577
List the prime factors of 130262.
2, 11, 31, 191
List the prime factors of 1081583.
1081583
What are the prime factors of 72748?
2, 13, 1399
What are the prime factors of 319913?
11, 127, 229
What are the prime factors of 1423727?
19, 74933
List the prime factors of 93168.
2, 3, 647
What are the prime factors of 32440?
2, 5, 811
List the prime factors of 3631138.
2, 7, 433, 599
What are the prime factors of 35996?
2, 8999
List the prime factors of 11553590.
2, 5, 23, 191, 263
What are the prime factors of 6763138?
2, 3381569
What are the prime factors of 194750?
2, 5, 19, 41
List the prime factors of 136679.
31, 4409
List the prime factors of 15528254.
2, 7, 1109161
What are the prime factors of 346557?
3, 331, 349
List the prime factors of 169519.
7, 61, 397
List the prime factors of 6272578.
2, 13, 241253
What are the prime factors of 2845018?
2, 11, 17, 7607
What are the prime factors of 1057717?
29, 36473
What are the prime factors of 179563?
179563
What are the prime factors of 16273923?
3, 5424641
List the prime factors of 10269917.
7, 1467131
What are the prime factors of 1440203?
1440203
List the prime factors of 73011.
3, 24337
What are the prime factors of 1491350?
2, 5, 7, 4261
What are the prime factors of 418713?
3, 139571
List the prime factors of 255492.
2, 3, 47, 151
What are the prime factors of 256555?
5, 13, 3947
What are the prime factors of 110048?
2, 19, 181
What are the prime factors of 1398814?
2, 23, 47, 647
What are the prime factors of 13679907?
3, 4559969
List the prime factors of 694070.
2, 5, 13, 19, 281
List the prime factors of 389820.
2, 3, 5, 73, 89
List the prime factors of 19240282.
2, 23, 29, 14423
List the prime factors of 1358007.
3, 7, 64667
What are the prime factors of 17924245?
5, 23, 155863
What are the prime factors of 266223?
3, 88741
List the prime factors of 8484055.
5, 1696811
What are the prime factors of 286343?
37, 71, 109
What are the prime factors of 3962205?
3, 5, 13, 521
List the prime factors of 28599423.
3, 17, 29, 61, 317
List the prime factors of 591852.
2, 3, 31, 37, 43
List the prime factors of 54551.
7, 7793
What are the prime factors of 1823936?
2, 28499
List the prime factors of 455695.
5, 91139
What are the prime factors of 11109659?
11, 193, 5233
List the prime factors of 547838.
2, 273919
List the prime factors of 2376875.
5, 3803
List the prime factors of 267950.
2, 5, 23, 233
What are the prime factors of 76712?
2, 43, 223
List the prime factors of 21213030.
2, 3, 5, 101, 7001
List the prime factors of 4625483.
1619, 2857
What are the prime factors of 217371?
3, 7, 11, 941
What are the prime factors of 1092134?
2, 546067
List the prime factors of 16427709.
3, 89, 20509
List the prime factors of 506754.
2, 3, 47, 599
List the prime factors of 10433707.
29, 359783
List the prime factors of 763151.
811, 941
List the prime factors of 148083.
3, 13, 3797
What are the prime factors of 8002012?
2, 2000503
What are the prime factors of 12753263?
59, 216157
List the prime factors of 15922113.
3, 1657, 3203
What are the prime factors of 225767?
225767
What are the prime factors of 5160090?
2, 3, 5, 13, 101, 131
List the prime factors of 1000054.
2, 11, 131, 347
What are the prime factors of 32755993?
29, 173, 6529
What are the prime factors of 4460726?
2, 67, 33289
List the prime factors of 1887139.
823, 2293
List the prime factors of 572060.
2, 5, 28603
What are the prime factors of 1426985?
5, 7, 40771
What are the prime factors of 645539?
37, 73, 239
List the prime factors of 35083979.
7, 79, 63443
What are the prime factors of 5774054?
2, 11, 13, 1553
List the prime factors of 2282315.
5, 7, 61, 1069
List the prime factors of 2467387.
13, 189799
List the prime factors of 370671.
3, 7, 19, 929
List the prime factors of 99863.
37, 2699
List the prime factors of 854897.
854897
List the prime factors of 7113666.
2, 3, 7, 169373
List the prime factors of 6066600.
2, 3, 5, 10111
List the prime factors of 3782111.
3782111
List the prime factors of 8800725.
3, 5, 271, 433
List the prime factors of 3877643.
7, 11, 50359
List the prime factors of 441685.
5, 88337
List the prime factors of 41557.
29, 1433
What are the prime factors of 5930751?
3, 1976917
List the prime factors of 266635.
5, 53327
What are the prime factors of 2268858?
2, 3, 23, 41, 401
List the prime factors of 1074237.
3, 358079
What are the prime factors of 22961001?
3, 7, 1093381
What are the prime factors of 672685?
5, 13, 79, 131
What are the prime factors of 1082775?
3, 5, 14437
What are the prime factors of 10624102?
2, 733, 7247
List the prime factors of 998997.
3, 53, 61, 103
What are the prime factors of 7575252?
2, 3, 631271
List the prime factors of 414043.
7, 59149
List the prime factors of 127917.
3, 61, 233
What are the prime factors of 3573413?
3573413
List the prime factors of 616099.
11, 56009
List the prime factors